base 2?
11100111101011
-32364 (base 7) to base 5
-224312
2330 (base 5) to base 11
28a
What is e9e (base 16) in base 8?
7236
-2199 (base 10) to base 16
-897
1601 (base 7) to base 4
21332
Convert 204452 (base 7) to base 14.
cb99
Convert 115300 (base 6) to base 10.
10260
What is -132b (base 15) in base 16?
-ffb
-2546 (base 8) to base 7
-4013
What is -4299 (base 12) in base 9?
-11030
Convert 2654 (base 7) to base 12.
70b
-4945 (base 13) to base 14
-3ac6
-322320 (base 4) to base 15
-11b3
-b2 (base 12) to base 7
-251
1a1 (base 12) to base 5
2030
What is -5c5 (base 14) in base 7?
-3235
79 (base 10) to base 16
4f
-734 (base 11) to base 7
-2402
112012102 (base 3) to base 6
115532
What is -6b4 (base 13) in base 10?
-1161
Convert 1d3 (base 15) to base 8.
647
35a9a (base 12) to base 2
10001101011010110
Convert -202022 (base 4) to base 8.
-4212
-633 (base 7) to base 15
-163
10404 (base 10) to base 14
3b12
What is 110221 (base 5) in base 6?
25351
Convert 126 (base 7) to base 15.
49
-3168 (base 11) to base 12
-2510
-1b67 (base 14) to base 9
-6755
1924b (base 12) to base 3
1212020212
661 (base 10) to base 13
3bb
-33323120 (base 4) to base 16
-fed8
What is 111111110 (base 2) in base 6?
2210
Convert -12202 (base 7) to base 6.
-22431
What is 355 (base 8) in base 4?
3231
What is 201 (base 14) in base 15?
1b3
What is 1110001100 (base 2) in base 7?
2435
What is -11310 (base 10) in base 7?
-44655
What is -41112 (base 7) in base 2?
-10011100010101
-101153 (base 6) to base 9
-12046
-154 (base 16) to base 11
-28a
Convert 1db (base 15) to base 13.
272
Convert -8b (base 14) to base 2.
-1111011
What is -41344 (base 6) in base 8?
-12640
Convert 604 (base 7) to base 6.
1214
-207 (base 13) to base 14
-1a9
Convert -6709 (base 11) to base 13.
-4042
-19c (base 14) to base 16
-14e
What is 1e7 (base 15) in base 2?
110111010
Convert -6c9 (base 14) to base 9.
-1763
What is -1095 (base 12) in base 3?
-2112012
1200 (base 7) to base 8
671
-508c (base 14) to base 2
-11011000010100
What is 2022 (base 5) in base 6?
1114
What is 11721 (base 12) in base 7?
125335
What is -21300 (base 4) in base 14?
-328
Convert 4181 (base 9) to base 2.
101111111110
Convert -284 (base 9) to base 5.
-1423
1ec (base 16) to base 8
754
233112 (base 5) to base 2
10000101010100
-107 (base 8) to base 13
-56
What is be (base 16) in base 3?
21001
What is -5b25 (base 12) in base 14?
-3a45
167 (base 11) to base 9
235
What is -1011010001001 (base 2) in base 3?
-21220200
What is -10166 (base 11) in base 12?
-8702
11175 (base 8) to base 16
127d
Convert -1132 (base 9) to base 11.
-6a3
What is 1021010 (base 3) in base 14?
49b
172 (base 15) to base 9
408
Convert 1001111011110111 (base 2) to base 16.
9ef7
21132020 (base 4) to base 9
58182
18b7 (base 13) to base 9
5060
What is 162 (base 16) in base 6?
1350
What is -1101101010110 (base 2) in base 13?
-3254
Convert 213311 (base 5) to base 14.
2959
-882 (base 9) to base 7
-2051
-7c4c (base 13) to base 6
-212515
What is 104154 (base 7) in base 10?
18267
-1010100010111 (base 2) to base 9
-7358
-42522 (base 6) to base 8
-13262
-4566 (base 7) to base 12
-b69
Convert 3ac2 (base 13) to base 16.
20f7
What is -10212202 (base 3) in base 15?
-c88
Convert 13385 (base 12) to base 15.
7c88
Convert 3b7 (base 15) to base 5.
11342
-703d (base 15) to base 12
-11857
112101102 (base 3) to base 5
313422
136 (base 11) to base 14
b6
What is 7748 (base 11) in base 4?
2133220
Convert 2c0 (base 14) to base 2.
1000110000
What is 10ce (base 16) in base 12?
25a6
Convert -17b (base 14) to base 4.
-10301
2553 (base 8) to base 15
627
What is -22110200 (base 3) in base 5?
-144144
Convert 11021030 (base 4) to base 9.
31808
What is 23100331 (base 4) in base 14?
12b5b
What is -122004 (base 5) in base 8?
-11025
Convert -94 (base 11) to base 10.
-103
What is 218 (base 13) in base 11?
2a7
Convert -112342 (base 6) to base 3.
-111012222
Convert -521 (base 7) to base 8.
-404
What is 651 (base 7) in base 4?
11022
What is -3207 (base 8) in base 14?
-875
25733 (base 11) to base 16
8fd4
Convert -518 (base 9) to base 10.
-422
30027 (base 9) to base 7
111313
27497 (base 11) to base 8
114425
-13023 (base 7) to base 14
-1383
What is -13214 (base 5) in base 16?
-423
What is 4000 (base 8) in base 9?
2725
3556 (base 9) to base 14
d6b
What is 367 (base 11) in base 9?
534
Convert c988 (base 13) to base 10.
27997
-52 (base 7) to base 12
-31
129a0 (base 11) to base 7
104641
What is -211212 (base 4) in base 6?
-15050
What is 123 (base 12) in base 3?
20100
Convert 2110200 (base 3) to base 16.
708
What is -3022222 (base 5) in base 2?
-1011110100110101
24114 (base 7) to base 11
4758
-1b61 (base 16) to base 12
-4081
What is 1a14 (base 12) in base 6?
22424
17c (base 14) to base 5
2211
Convert 8d4d (base 15) to base 5.
1424443
What is -30100 (base 4) in base 12?
-554
366 (base 11) to base 16
1b3
What is 11010011100 (base 2) in base 9?
2280
What is -18ec (base 16) in base 15?
-1d55
Convert -2b64 (base 13) to base 16.
-18bf
What is 13310 (base 5) in base 16?
438
-11 (base 11) to base 12
-10
Convert 125777 (base 8) to base 16.
abff
-2583 (base 10) to base 12
-15b3
-37 (base 8) to base 16
-1f
-607b (base 12) to base 9
-15315
What is 237a4 (base 11) in base 2?
1000010110111100
Convert 365 (base 10) to base 11.
302
What is -437 (base 9) in base 7?
-1021
-10000011 (base 2) to base 10
-131
Convert -10010101 (base 2) to base 9.
-175
What is 6484 (base 11) in base 15?
280c
-10222012 (base 3) to base 11
-21a1
What is 3355 (base 11) in base 5?
120131
What is 675 (base 8) in base 10?
445
Convert 133 (base 15) to base 4.
10101
313200 (base 4) to base 8
6740
Convert -3131 (base 5) to base 11.
-349
Convert 1343 (base 8) to base 14.
3ab
Convert -6837 (base 10) to base 13.
-315c
Convert -130133 (base 6) to base 12.
-6949
-20237 (base 10) to base 8
-47415
What is 330521 (base 6) in base 3?
1101121011
-40413 (base 6) to base 11
-4012
Convert -4241 (base 6) to base 4.
-33001
Convert 9366 (base 12) to base 6.
202210
What is -365330 (base 7) in base 8?
-202226
What is -1870 (base 14) in base 5?
-120120
What is 1073 (base 15) in base 4?
312123
44031 (base 8) to base 10
18457
What is 3565 (base 13) in base 12?
4427
Convert 17244 (base 8) to base 15.
24ce
-624 (base 7) to base 12
-220
Convert -415 (base 8) to base 4.
-10031
What is -164a (base 12) in base 3?
-10122011
What is -11241 (base 6) in base 9?
-2177
What is -50c0 (base 16) in base 7?
-114161
318 (base 9) to base 3
100122
Convert 352 (base 14) to base 6.
3020
105 (base 15) to base 13
149
What is aa6 (base 11) in base 10?
1326
What is -175a (base 13) in base 8?
-6577
What is 2435 (base 10) in base 14?
c5d
Convert 133a (base 11) to base 15.
7ac
What is -6161 (base 10) in base 11?
-46a1
-102 (base 11) to base 9
-146
131322 (base 5) to base 10
5212
-9a0 (base 12) to base 2
-10110001000
Convert 13232310 (base 4) to base 6.
402340
111000001010111 (base 2) to base 6
341051
What is -1ab4b (base 12) in base 7?
-223424
-1011011011 (base 2) to base 16
-2db
Convert -6347 (base 8) to base 4.
-303213
-a29 (base 12) to base 11
-111a
-569f (base 16) to base 9
-33368
-98a8 (base 13) to base 3
-1002011112
-10102112122 (base 3) to base 15
-14ec8
What is -1010010000 (base 2) in base 7?
-1625
1517 (base 10) to base 2
10111101101
Convert -401043 (base 5) to base 2.
-11000101101000
Convert 11053 (base 6) to base 10.
1545
-122220120 (base 3) to base 7
-53031
Convert -5292 (base 10) to base 7.
-21300
Convert -1795 (base 10) to base 2.
-11100000011
What is -3411 (base 9) in base 8?
-4731
24551 (base 7) to base 2
1100100110111
What is -5a (base 15) in base 4?
-1111
-2423 (base 6) to base 11
-498
Convert -1005 (base 9) to base 13.
-446
Convert 4341 (base 8) to base 10.
2273
6db1 (base 14) to base 13
8955
What is -11010 (base 4) in base 11?
-275
What is 578 (base 11) in base 5?
10230
What is 3098 (base 11) in base 7?
14645
Convert -81 (base 11) to base 2.
-1011001
What is 1e9 (base 15) in base 3?
121110
203b (base 13) to base 11
3380
What is 1544 (base 6) in base 14?
224
3ab93 (base 12) to base 14
2182b
-1310 (base 5) to base 2
-11001101
What is -673a (base 12) in base 7?
-45205
Convert -20221 (base 8) to base 10.
-8337
102101222 (base 3) to base 8
20173
Convert 101225 (base 7) to base 13.
7b23
What is 100000001010111 (base 2) in b